 + 5*u - 1768 = 0. Let w = -82 + u. What are the prime factors of w?
2, 3
Let v be (3/6)/(4/(-8)). Let p be (-1)/v - (-2 + -1). What are the prime factors of 40 - (-2 + 4 - p)?
2, 3, 7
Let t(a) = -13*a + 29. Let p be t(-12). Suppose 4*g = c - 216 - p, -3*c + 193 = -2*g. Let r = -34 - g. What are the prime factors of r?
67
Let r = 1542 + -714. List the prime factors of r.
2, 3, 23
Let u(g) = g**3 + 3*g**2 + g - 2. Let x be u(-2). Suppose x = 3*y + 2*y - 3*f - 332, y - 4*f = 63. List the prime factors of y.
67
Let l(b) = 27*b**2 - b - b**3 - 36*b**2 - 4 + 0*b**3. Let j be l(-9). Suppose -d + 177 - 13 = 5*z, 3*z - j*d = 76. What are the prime factors of z?
2
Let l(d) = -d**2 + 6*d + 4. Let s be l(6). Let r be (-14)/(-4) - 2/s. Suppose -r*f - 64 = -2*v - f, v - 2*f - 29 = 0. List the prime factors of v.
5, 7
Let v(p) = -44*p - 130. List the prime factors of v(-15).
2, 5, 53
Suppose 2*w = 6*w - 1432. What are the prime factors of w?
2, 179
Suppose 2*g - 7*g = -x - 111, 3*g + 2*x - 77 = 0. Suppose -2*m + g + 361 = 0. Suppose -5*r + r = -m. List the prime factors of r.
2, 3
Suppose -5*r + 2 = 7. List the prime factors of (r/(-3))/((-8)/(-1176)).
7
Suppose -19050 = -9*k + 1569. List the prime factors of k.
29, 79
Let g be -24 + 1*(-3 - -4) + 1. Let h = g - -41. List the prime factors of h.
19
Let b(v) be the first derivative of v**3/3 - v**2 + 11*v - 4. Let h be (-20)/(-8)*-1*-2. What are the prime factors of b(h)?
2, 13
Let i = -12 + 20. Suppose -i*m + 4*m + 44 = 0. What are the prime factors of m?
11
Let f(a) = -26*a - 11. Let b(g) = 51*g + 22. Let k(c) = -6*b(c) - 11*f(c). What are the prime factors of k(-2)?
29
Let h be ((-1 - 2)*-67)/1. Suppose 0*c + 2*u = c - 48, h = 4*c + u. List the prime factors of c.
2, 5
Let g be 14/4*(-6 - -38). Let l = g + -74. List the prime factors of l.
2, 19
Let r = 245 + -115. What are the prime factors of r?
2, 5, 13
Let y = -457 - -1059. List the prime factors of y.
2, 7, 43
Let w be (6/2 - -1)*1. Suppose -w*t + 6*t = 74. What are the prime factors of t?
37
Let a be (-1)/(-2) - (-3)/(-6). Let b(w) = -6*w**3 + 13 + w**3 + w**2 + 4*w**3 + 11. List the prime factors of b(a).
2, 3
Let t(a) = 3*a**3 + 3*a**2 + 6*a - 12. List the prime factors of t(5).
2, 3, 13
Suppose -5*h + 1788 + 3397 = 0. What are the prime factors of h?
17, 61
Let t(p) = p - 1. Let u(v) = -v. Let g(f) = 3*t(f) + 4*u(f). Let o be g(-5). Suppose -18 = -o*q - q. What are the prime factors of q?
2, 3
Let g(v) = v**3 + 9*v**2 + 7*v + 10. Let w(a) = a**3 - 6*a**2 - a + 3. Let y be w(6). Let x = -11 - y. List the prime factors of g(x).
2, 3
Let o = -2750 - -5585. What are the prime factors of o?
3, 5, 7
Let j be (-6)/(-12)*(1 + 3). Let c(h) = 4*h**2 + 6*h**2 + h - 2 - 9*h**2. List the prime factors of c(j).
2
Suppose 2*q + 2*q - 28 = -4*r, 2*r - 3*q - 9 = 0. Suppose -7*m + r*m = 26. Let h = m - -54. What are the prime factors of h?
2, 7
Let t(k) = 2*k - 12. Let j be t(7). Let b = -47 - -33. Let h = j - b. What are the prime factors of h?
2
Let g = 556 + -182. What are the prime factors of g?
2, 11, 17
Let k be ((-2)/(-8) + 51/(-12))*-5. Suppose -23*h + k*h = -153. List the prime factors of h.
3, 17
Suppose 5*n - 1650 = -5*f, -5*f + 1318 = -38*n + 42*n. List the prime factors of n.
2, 83
Let f(d) = -68*d + 17. List the prime factors of f(-7).
17, 29
Let d = 305 + -499. Let n = d + 302. Suppose -y - n = -5*y. What are the prime factors of y?
3
Suppose 2*t - 122 = -2*z, -5*z = -3*t - 40 + 207. Suppose f = 2, t - 13 = q - 2*f. What are the prime factors of q?
2, 5
List the prime factors of (-162809)/(-122) - 3/(-2).
2, 167
Suppose 0 = 305*b - 312*b + 1582. What are the prime factors of b?
2, 113
What are the prime factors of -307*(-10)/10 + 0?
307
Suppose m + 0*m - 3 = 0. Suppose 0*l + 3*y - 480 = -m*l, 0 = -y + 1. List the prime factors of l.
3, 53
What are the prime factors of (-7401)/(-7) - 68/238?
7, 151
Let t = -3902 - -5684. List the prime factors of t.
2, 3, 11
Suppose -3*a - 4625 = -z, 5*z + 14*a - 17*a = 23125. List the prime factors of z.
5, 37
Let m = 5 - 3. Let u(z) = -5*z**2 - z. Let r be u(m). Let n = r + 42. What are the prime factors of n?
2, 5
Suppose 0 = 9*k - 169 - 6500. What are the prime factors of k?
3, 13, 19
Let b = 379 + -246. Let m = -22 + b. List the prime factors of m.
3, 37
Let a(j) = -j**2 + 17*j - 25. Let h be a(16). Let o be (-2)/6 + 40/(-6). Let m = o - h. List the prime factors of m.
2
List the prime factors of ((-1848)/(-30))/(8/20).
2, 7, 11
Let l(a) = 453*a + 195. List the prime factors of l(4).
3, 223
List the prime factors of (7 + -3 - -359)/(0 - -1).
3, 11
Let s be ((-6)/3)/((-6)/(-153)). Let m = -24 - s. Suppose -w + 0*w = -m. What are the prime factors of w?
3
Let l(c) = -37*c**2 + 25*c**2 - c - 7 - 2*c. Let t(k) = -6*k**2 - k - 3. Let y(a) = 2*l(a) - 5*t(a). What are the prime factors of y(2)?
23
Let f(d) = -2*d**2 - d + 3. Let m be f(3). Let z be (10/6)/((-6)/m). Suppose 3*n = -1 + 4, 0 = -r - z*n + 33. List the prime factors of r.
2, 7
Suppose -9*w - 189 - 117 = 0. Let t = 9 - w. What are the prime factors of t?
43
Let l be (2 - 0) + -12 + 3. Let n(b) = -3*b - 16. What are the prime factors of n(l)?
5
Suppose 0 = -3*b - 2*b - 15. Let w(i) = i**3 + 3*i**2. Let y be w(b). Suppose y = -x + 3 + 2. List the prime factors of x.
5
Suppose 5*p = -106 + 116. Suppose -u = -5*i - 209, 413 = p*u - 4*i - i. List the prime factors of u.
2, 3, 17
Let p(a) = a**3 + 7*a**2 - 9*a - 8. Let m be (-84)/(-10)*130/39. Suppose b + 3*b = -m. List the prime factors of p(b).
5, 11
Let j be (7/2 - 2)/(2/(-4)). Let h(r) = 10*r**2 + 2*r + 1. List the prime factors of h(j).
5, 17
Let n = 15 - 1. Suppose 0 = -m + 2*m. Suppose 4*i - n - 66 = m. List the prime factors of i.
2, 5
Suppose -s - 5*y + 2 = 0, -4*s + 3*y = -0*s - 8. Suppose -14 = -s*u - 2. Let h = u - -15. What are the prime factors of h?
3, 7
Let k be (11 + -8)/(6/32). Suppose 0*m + k = -m. Let u = -14 - m. What are the prime factors of u?
2
Let a be -2*(-4 - 50/(-4)). Let z = a - -22. Suppose h = -h + 5*c + 3, z*h + 4*c = 57. What are the prime factors of h?
3
Suppose -4*z - 3*o = -26, -z = 4*z - 5*o - 50. Suppose 5*p + 678 = z*p. List the prime factors of p.
2, 113
Suppose -3*w - 4*v + 10 = 0, 5*w - 3*v - 40 = 2*v. What are the prime factors of 94/w + 6/(-9)?
3, 5
Suppose 4*p + 0 = -3*l - 11, 0 = l - 4*p - 23. Suppose 4*s = l*n - 1098, -2*n - 3*s - 1841 = -7*n. Suppose -a - 4*a = -n. List the prime factors of a.
2, 37
Suppose 3*l = -3*q + 30, -5*l + 0*l + 2*q + 29 = 0. Suppose -2*t = -5*z + 30 + 14, -4*t = -z + 16. What are the prime factors of (z/28)/(1/l)?
2
Suppose 0 = 4*b + 5*u - 2152, 10*b = 11*b - 5*u - 563. List the prime factors of b.
3, 181
Let p = -226 + 1338. What are the prime factors of p?
2, 139
Let v be 2/(-13) - (-154)/(-182). What are the prime factors of 1*51*(-1)/v?
3, 17
Let w = -2 - -6. Suppose 5*m + 7 = 2*x - 18, w*x + 3*m = -15. Suppose 3*i + 111 = 5*v, -i = -x*v - 5*v + 117. List the prime factors of v.
2, 3
Let i = -18 - -29. Let n = -11 + i. Suppose -5*x + 100 = -5*p, n*x - 3*x = -p - 54. What are the prime factors of x?
17
Suppose 0 = -0*p - 5*p - 660. Let f = -94 - p. Suppose 3*c = 4 - 1, 0 = t - 2*c - f. What are the prime factors of t?
2, 5
Let h = 28 - 26. List the prime factors of h/6 + (-424)/(-6).
71
Let u(f) = 6*f - 12. Let o be u(2). Suppose o = 3*j + 3, -p - 50 = -2*p - 3*j. What are the prime factors of p?
53
What are the prime factors of 8/(-6)*41952/(-64)?
2, 19, 23
Let f = -9 - -14. Let n(p) = -p**2 - 14*p - 9. Let z be n(-13). Suppose -f*s + 4*o + 25 = 0, 3*s + z*o - 11 = 36. What are the prime factors of s?
3
Suppose -5*g + 1397 = 19*d - 23*d, -g = -5*d - 292. List the prime factors of g.
277
Suppose v - 3*m - 10675 = -3*v, 0 = 4*v + 5*m - 10635. What are the prime factors of v?
5, 13, 41
Let h = -171 + 73. Let v = h + 151. List the prime factors of v.
53
Suppose -2*d + 2 = -2. Let u(o) = -14*o**2 + 13*o**2 + 2*o + 11*o**2 + d. List the prime factors of u(-2).
2, 19
Suppose 6*z - 2*z = -868. Let x = z + 367. What are the prime factors of x?
2, 3, 5
Let n(j) = -3*j**2 - 14*j - 1. Let s be n(-12). Let m = 373 + s. List the prime factors of m.
2, 3
Suppose -4*y + y + 21 = 0. Let a be 831/7 + 2/y. Suppose 36 = 5*r - a. What are the prime fact